{"id":29,"date":"2026-03-06T12:44:47","date_gmt":"2026-03-06T11:44:47","guid":{"rendered":"https:\/\/wp.malowanebrzegi.pl\/?page_id=29"},"modified":"2026-03-10T13:06:52","modified_gmt":"2026-03-10T12:06:52","slug":"oferta-dla-firm","status":"publish","type":"page","link":"https:\/\/stage.malowanebrzegi.pl\/?page_id=29","title":{"rendered":"Oferta dla firm"},"content":{"rendered":"\n<main class=\"wp-block-group is-layout-flow wp-block-group-is-layout-flow\" style=\"margin-top:0;margin-bottom:0;padding-top:0;padding-right:0;padding-bottom:0;padding-left:0\">\n<section class=\"wp-block-cover r-cover\" style=\"margin-top:0;margin-bottom:0;min-height:266px;aspect-ratio:unset;\"><img loading=\"lazy\" decoding=\"async\" width=\"1024\" height=\"341\" class=\"wp-block-cover__image-background wp-image-370 size-large\" alt=\"Ksi\u0105\u017cki z malowanymi brzegami\" src=\"https:\/\/stage.malowanebrzegi.pl\/wp-content\/uploads\/2026\/03\/Projekt-bez-nazwy-7_w-1024x341.webp\" data-object-fit=\"cover\" srcset=\"https:\/\/stage.malowanebrzegi.pl\/wp-content\/uploads\/2026\/03\/Projekt-bez-nazwy-7_w-1024x341.webp 1024w, https:\/\/stage.malowanebrzegi.pl\/wp-content\/uploads\/2026\/03\/Projekt-bez-nazwy-7_w-300x100.webp 300w, https:\/\/stage.malowanebrzegi.pl\/wp-content\/uploads\/2026\/03\/Projekt-bez-nazwy-7_w-768x256.webp 768w, https:\/\/stage.malowanebrzegi.pl\/wp-content\/uploads\/2026\/03\/Projekt-bez-nazwy-7_w-1536x512.webp 1536w, https:\/\/stage.malowanebrzegi.pl\/wp-content\/uploads\/2026\/03\/Projekt-bez-nazwy-7_w.webp 1800w\" sizes=\"auto, (max-width: 1024px) 100vw, 1024px\" \/><span aria-hidden=\"true\" class=\"wp-block-cover__background has-black-background-color has-background-dim-60 has-background-dim\"><\/span><div class=\"wp-block-cover__inner-container is-layout-flow wp-block-cover-is-layout-flow\">\n<div class=\"wp-block-group consultinggrove-dark-inner-content has-global-padding is-layout-constrained wp-container-core-group-is-layout-f36bc466 wp-block-group-is-layout-constrained\">\n<h2 class=\"wp-block-heading has-text-align-center has-white-text-color-color has-text-color has-link-color wp-elements-5553d05da54de31fa413a718397a2ef8\" style=\"font-size:clamp(31.609px, 1.976rem + ((1vw - 3.2px) * 1.648), 56px);\">Oferta dla firm<\/h2>\n<\/div>\n<\/div><\/section>\n<\/main>\n\n\n\n<p style=\"margin-top:var(--wp--preset--spacing--40)\">Zapraszam do wsp\u00f3\u0142pracy nie tylko klient\u00f3w indywidualnych, ale tak\u017ce Wydawc\u00f3w, Autor\u00f3w czy przedstawicieli Bibliotek i Dom\u00f3w Kultury! W przypadku zainteresowania moj\u0105 ofert\u0105 zach\u0119cam do kontaktu drog\u0105 mailow\u0105 (<strong>czytelniczka38@gmail.com<\/strong>) \u2013 ch\u0119tnie przedstawi\u0119 szczeg\u00f3\u0142y i przygotuj\u0119 indywidualn\u0105, korzystn\u0105 dla obu stron wycen\u0119.<\/p>\n\n\n\n<h2 class=\"wp-block-heading\" style=\"margin-top:var(--wp--preset--spacing--50);margin-bottom:var(--wp--preset--spacing--10)\">Wsp\u00f3\u0142praca z Wydawcami i Autorami<\/h2>\n\n\n\n<p style=\"margin-top:var(--wp--preset--spacing--30)\">Ch\u0119tnie podejm\u0119 si\u0119 r\u0119cznego pomalowania brzeg\u00f3w <strong>pojedynczych egzemplarzy<\/strong>, idealnych na prezenty dla autor\u00f3w lub czytelnik\u00f3w, a tak\u017ce <strong>wi\u0119kszych partii ksi\u0105\u017cek<\/strong> &#8211; przeznaczonych do sprzeda\u017cy lub dzia\u0142a\u0144 promocyjnych. Gwarantuj\u0119, \u017ce ka\u017cdy projekt powstaje z dba\u0142o\u015bci\u0105 o detale i mo\u017ce by\u0107 dopasowany do ok\u0142adki, klimatu ksi\u0105\u017cki lub identyfikacji wizualnej serii.<\/p>\n\n\n\n<p style=\"margin-top:var(--wp--preset--spacing--10);margin-bottom:var(--wp--preset--spacing--50)\">Przy tego typu wsp\u00f3\u0142pracy zaufali mi ju\u017c najwi\u0119ksi polscy wydawcy, mi\u0119dzy innymi <strong>Wydawnictwo SQN<\/strong>, <strong>Media Rodzina<\/strong> czy <strong>Wydawnictwo Kreatywne<\/strong>. Ksi\u0105\u017cki z r\u0119cznie malowanymi przeze mnie brzegami dost\u0119pne s\u0105 do zakupu w sklepach internetowych wydawc\u00f3w lub na ich stoiskach podczas targ\u00f3w ksi\u0105\u017cki.<\/p>\n\n\n\n<h2 class=\"wp-block-heading\" style=\"margin-top:var(--wp--preset--spacing--40)\">Warsztaty z malowania brzeg\u00f3w ksi\u0105\u017cek<\/h2>\n\n\n\n<p style=\"margin-top:var(--wp--preset--spacing--30);margin-bottom:0\">Oferuj\u0119 r\u00f3wnie\u017c prowadzenie <strong>warsztat\u00f3w z malowania brzeg\u00f3w<\/strong>, kt\u00f3re mog\u0105 stanowi\u0107 atrakcyjny element wydarze\u0144 literackich, spotka\u0144 autorskich czy dzia\u0142a\u0144 promocyjnych wok\u00f3\u0142 premiery danego tytu\u0142u. To okazja, by pokaza\u0107 czytelnikom proces powstawania zdobie\u0144 i pozwoli\u0107 im stworzy\u0107 w\u0142asny, unikalny egzemplarz.<\/p>\n\n\n\n<p style=\"margin-top:var(--wp--preset--spacing--10);margin-bottom:var(--wp--preset--spacing--30)\">Mam do\u015bwiadczenie w prowadzeniu warszat\u00f3w zar\u00f3wno dla dzieci, jak i doros\u0142ych. Prowadzi\u0142am warsztaty na <strong>Targach Ksi\u0105\u017cki w Krakowie<\/strong> (we wsp\u00f3\u0142pracy z wydawnictwem Pr\u00f3szy\u0144ski i S-ka),  a tak\u017ce cykl warsztat\u00f3w dla dzieci w sze\u015bciu filiach <strong>Biblioteki Raczy\u0144skich<\/strong> w ramach akcji ,,Jesie\u0144 w pude\u0142ku ba\u015bniopisarza \u2013 tw\u00f3rcze spotkania z wyobra\u017ani\u0105&#8221;.<\/p>\n","protected":false},"excerpt":{"rendered":"<p>Zapraszam do wsp\u00f3\u0142pracy nie tylko klient\u00f3w indywidualnych, ale tak\u017ce Wydawc\u00f3w, Autor\u00f3w czy przedstawicieli Bibliotek i Dom\u00f3w Kultury! W przypadku zainteresowania moj\u0105 ofert\u0105 zach\u0119cam do kontaktu drog\u0105 mailow\u0105 (czytelniczka38@gmail.com) \u2013 ch\u0119tnie przedstawi\u0119 szczeg\u00f3\u0142y i przygotuj\u0119 indywidualn\u0105, korzystn\u0105 dla obu stron wycen\u0119. Wsp\u00f3\u0142praca z Wydawcami i Autorami Ch\u0119tnie podejm\u0119 si\u0119 r\u0119cznego pomalowania brzeg\u00f3w pojedynczych egzemplarzy, idealnych na [&hellip;]<\/p>\n","protected":false},"author":1,"featured_media":0,"parent":0,"menu_order":0,"comment_status":"closed","ping_status":"closed","template":"","meta":{"footnotes":""},"class_list":["post-29","page","type-page","status-publish","hentry"],"_links":{"self":[{"href":"https:\/\/stage.malowanebrzegi.pl\/index.php?rest_route=\/wp\/v2\/pages\/29","targetHints":{"allow":["GET"]}}],"collection":[{"href":"https:\/\/stage.malowanebrzegi.pl\/index.php?rest_route=\/wp\/v2\/pages"}],"about":[{"href":"https:\/\/stage.malowanebrzegi.pl\/index.php?rest_route=\/wp\/v2\/types\/page"}],"author":[{"embeddable":true,"href":"https:\/\/stage.malowanebrzegi.pl\/index.php?rest_route=\/wp\/v2\/users\/1"}],"replies":[{"embeddable":true,"href":"https:\/\/stage.malowanebrzegi.pl\/index.php?rest_route=%2Fwp%2Fv2%2Fcomments&post=29"}],"version-history":[{"count":7,"href":"https:\/\/stage.malowanebrzegi.pl\/index.php?rest_route=\/wp\/v2\/pages\/29\/revisions"}],"predecessor-version":[{"id":431,"href":"https:\/\/stage.malowanebrzegi.pl\/index.php?rest_route=\/wp\/v2\/pages\/29\/revisions\/431"}],"wp:attachment":[{"href":"https:\/\/stage.malowanebrzegi.pl\/index.php?rest_route=%2Fwp%2Fv2%2Fmedia&parent=29"}],"curies":[{"name":"wp","href":"https:\/\/api.w.org\/{rel}","templated":true}]}}

<main class="wp-block-group is-layout-flow wp-block-group-is-layout-flow" style="margin-top:0;margin-bottom:0;padding-top:0;padding-right:0;padding-bottom:0;padding-left:0">
<section class="wp-block-cover r-cover" style="margin-top:0;margin-bottom:0;min-height:266px;aspect-ratio:unset;"><img loading="lazy" decoding="async" width="1024" height="341" class="wp-block-cover__image-background wp-image-370 size-large" alt="Książki z malowanymi brzegami" src="https://stage.malowanebrzegi.pl/wp-content/uploads/2026/03/Projekt-bez-nazwy-7_w-1024x341.webp" data-object-fit="cover" srcset="https://stage.malowanebrzegi.pl/wp-content/uploads/2026/03/Projekt-bez-nazwy-7_w-1024x341.webp 1024w, https://stage.malowanebrzegi.pl/wp-content/uploads/2026/03/Projekt-bez-nazwy-7_w-300x100.webp 300w, https://stage.malowanebrzegi.pl/wp-content/uploads/2026/03/Projekt-bez-nazwy-7_w-768x256.webp 768w, https://stage.malowanebrzegi.pl/wp-content/uploads/2026/03/Projekt-bez-nazwy-7_w-1536x512.webp 1536w, https://stage.malowanebrzegi.pl/wp-content/uploads/2026/03/Projekt-bez-nazwy-7_w.webp 1800w" sizes="auto, (max-width: 1024px) 100vw, 1024px" /><span aria-hidden="true" class="wp-block-cover__background has-black-background-color has-background-dim-60 has-background-dim"></span><div class="wp-block-cover__inner-container is-layout-flow wp-block-cover-is-layout-flow">
<div class="wp-block-group consultinggrove-dark-inner-content has-global-padding is-layout-constrained wp-container-core-group-is-layout-f36bc466 wp-block-group-is-layout-constrained">
<h2 class="wp-block-heading has-text-align-center has-white-text-color-color has-text-color has-link-color wp-elements-5553d05da54de31fa413a718397a2ef8" style="font-size:clamp(31.609px, 1.976rem + ((1vw - 3.2px) * 1.648), 56px);">Oferta dla firm</h2>
</div>
</div></section>
</main>



<p style="margin-top:var(--wp--preset--spacing--40)">Zapraszam do współpracy nie tylko klientów indywidualnych, ale także Wydawców, Autorów czy przedstawicieli Bibliotek i Domów Kultury! W przypadku zainteresowania moją ofertą zachęcam do kontaktu drogą mailową (<strong>czytelniczka38@gmail.com</strong>) – chętnie przedstawię szczegóły i przygotuję indywidualną, korzystną dla obu stron wycenę.</p>



<h2 class="wp-block-heading" style="margin-top:var(--wp--preset--spacing--50);margin-bottom:var(--wp--preset--spacing--10)">Współpraca z Wydawcami i Autorami</h2>



<p style="margin-top:var(--wp--preset--spacing--30)">Chętnie podejmę się ręcznego pomalowania brzegów <strong>pojedynczych egzemplarzy</strong>, idealnych na prezenty dla autorów lub czytelników, a także <strong>większych partii książek</strong> &#8211; przeznaczonych do sprzedaży lub działań promocyjnych. Gwarantuję, że każdy projekt powstaje z dbałością o detale i może być dopasowany do okładki, klimatu książki lub identyfikacji wizualnej serii.</p>



<p style="margin-top:var(--wp--preset--spacing--10);margin-bottom:var(--wp--preset--spacing--50)">Przy tego typu współpracy zaufali mi już najwięksi polscy wydawcy, między innymi <strong>Wydawnictwo SQN</strong>, <strong>Media Rodzina</strong> czy <strong>Wydawnictwo Kreatywne</strong>. Książki z ręcznie malowanymi przeze mnie brzegami dostępne są do zakupu w sklepach internetowych wydawców lub na ich stoiskach podczas targów książki.</p>



<h2 class="wp-block-heading" style="margin-top:var(--wp--preset--spacing--40)">Warsztaty z malowania brzegów książek</h2>



<p style="margin-top:var(--wp--preset--spacing--30);margin-bottom:0">Oferuję również prowadzenie <strong>warsztatów z malowania brzegów</strong>, które mogą stanowić atrakcyjny element wydarzeń literackich, spotkań autorskich czy działań promocyjnych wokół premiery danego tytułu. To okazja, by pokazać czytelnikom proces powstawania zdobień i pozwolić im stworzyć własny, unikalny egzemplarz.</p>



<p style="margin-top:var(--wp--preset--spacing--10);margin-bottom:var(--wp--preset--spacing--30)">Mam doświadczenie w prowadzeniu warszatów zarówno dla dzieci, jak i dorosłych. Prowadziłam warsztaty na <strong>Targach Książki w Krakowie</strong> (we współpracy z wydawnictwem Prószyński i S-ka),  a także cykl warsztatów dla dzieci w sześciu filiach <strong>Biblioteki Raczyńskich</strong> w ramach akcji ,,Jesień w pudełku baśniopisarza – twórcze spotkania z wyobraźnią&#8221;.</p>

<p>Zapraszam do współpracy nie tylko klientów indywidualnych, ale także Wydawców, Autorów czy przedstawicieli Bibliotek i Domów Kultury! W przypadku zainteresowania moją ofertą zachęcam do kontaktu drogą mailową (czytelniczka38@gmail.com) – chętnie przedstawię szczegóły i przygotuję indywidualną, korzystną dla obu stron wycenę. Współpraca z Wydawcami i Autorami Chętnie podejmę się ręcznego pomalowania brzegów pojedynczych egzemplarzy, idealnych na [&hellip;]</p>
